 what is -5261 + 12085?
5724
In base 15, what is 462c - 2d9?
4343
In base 3, what is -111110120222002102 - 10?
-111110120222002112
In base 14, what is 1d3 - 34357?
-34164
In base 3, what is 1 + 11102200002022010?
11102200002022011
In base 10, what is 169 - -1754046?
1754215
In base 13, what is -3b320 - -6a5?
-3a948
In base 14, what is -6844db + 8?
-6844d3
In base 3, what is -122002211122 + 10101?
-122002201021
In base 15, what is 4 - -632632?
632636
In base 9, what is -6585672 + -11?
-6585683
In base 13, what is -1cabb - -581?
-1c53a
In base 8, what is -273053507 + -5?
-273053514
In base 10, what is 67025645 - 1?
67025644
In base 15, what is 37170 + 15d?
372cd
In base 5, what is 1102023 - -4443?
1112021
In base 10, what is -6 - -3567333?
3567327
In base 6, what is 51315042511 - -1?
51315042512
In base 15, what is -7a3694 + -13?
-7a36a7
In base 11, what is 10 + 1a14a56?
1a14a66
In base 11, what is -7a3794 - -110?
-7a3684
In base 12, what is -184442 + -8?
-18444a
In base 11, what is -23 - 187a2968?
-187a2990
In base 6, what is 203133335315 - 0?
203133335315
In base 2, what is -101011111111101000111011010 + -1?
-101011111111101000111011011
In base 7, what is 433041 + -436?
432302
In base 7, what is -641123 - 3231?
-644354
In base 9, what is 14028 + 463?
14502
In base 11, what is 340116 + -24?
3400a2
In base 11, what is -1153871 + 5?
-1153867
In base 9, what is 3 + 3227653?
3227656
In base 12, what is 359a08 + -8?
359a00
In base 15, what is -44 - 3a9db?
-3aa30
In base 16, what is -eb1dc + 120?
-eb0bc
In base 13, what is b + -3c5220?
-3c5212
In base 9, what is -2304173 - -17?
-2304155
In base 13, what is 0 + -666093?
-666093
In base 12, what is -2 - 7013869?
-701386b
In base 16, what is -c2eaa7 + -2?
-c2eaa9
In base 16, what is -4410 + -198?
-45a8
In base 13, what is -102c338 - a?
-102c345
In base 7, what is -154464546 - 5?
-154464554
In base 3, what is -10 - 12010002112112?
-12010002112122
In base 14, what is -2539 - 720?
-2c59
In base 3, what is 12112120011112112 + 1?
12112120011112120
In base 5, what is -100 + -30110421441?
-30110422041
In base 16, what is -1145 - -6d97?
5c52
In base 7, what is -4 + -1062564655?
-1062564662
In base 3, what is 110111101210 + -1121112?
110102210021
In base 2, what is -101011111101010101 + -1010?
-101011111101011111
In base 4, what is 2 - -22220020130333?
22220020131001
In base 11, what is -646 - 20411?
-20a57
In base 2, what is -111001101 - 10011101010011110100?
-10011101011011000001
In base 9, what is 5 - 1718356?
-1718351
In base 11, what is -6 - -37872?
37867
In base 14, what is 2 - -31c947b?
31c947d
In base 10, what is -715 - 1726946?
-1727661
In base 10, what is -145915581 - 7?
-145915588
In base 8, what is 11303454 - 1?
11303453
In base 11, what is -2 - -6766682?
6766680
In base 12, what is -49 + -35174?
-35201
In base 8, what is 16033 - -314367?
332422
In base 13, what is ca6a29 + -5?
ca6a24
In base 10, what is 1090 - 6043?
-4953
In base 10, what is -8857 + -7667?
-16524
In base 6, what is -15253350202 - 0?
-15253350202
In base 7, what is -3 - 6324403313?
-6324403316
In base 3, what is 1022001021100220 - 102?
1022001021100111
In base 4, what is 112330 - -11131?
130121
In base 16, what is 141d - 6cd?
d50
In base 14, what is 2b + -25146?
-25119
In base 14, what is -15771c5 + d?
-15771b6
In base 2, what is -1010000000111111 + 111101?
-1010000000000010
In base 2, what is -110 - 1100100011100001101111000?
-1100100011100001101111110
In base 10, what is -19890686 - -1?
-19890685
In base 4, what is 0 + 202331302333?
202331302333
In base 8, what is -221740066 + 0?
-221740066
In base 13, what is 40967136 - -3?
40967139
In base 14, what is -b + 4744832?
4744825
In base 8, what is -104 - 426262?
-426366
In base 10, what is -2 - 40031635?
-40031637
In base 7, what is 133300252 + 0?
133300252
In base 16, what is 269 - 2b61c?
-2b3b3
In base 12, what is 28b5a8 - -15?
28b601
In base 4, what is 1213 - 101310301130?
-101310233311
In base 14, what is -1342 - -4bd?
-c63
In base 9, what is 713547 + 6?
713554
In base 8, what is -21 - -11017217?
11017176
In base 14, what is 1c3d7b - -24?
1c3da1
In base 16, what is -26e + -a3e6?
-a654
In base 2, what is -10110011001111 - 1111000100010?
-100101011110001
In base 11, what is 42193 - 31?
42162
In base 7, what is 514010 + -25156?
455521
In base 10, what is 2 - -16802488?
16802490
In base 16, what is -1e442 - 393?
-1e7d5
In base 14, what is -2010cd3a + 4?
-2010cd36
In base 14, what is b + 11d26a?
11d277
In base 16, what is -1cbc + 8bb?
-1401
In base 8, what is -6025 + -2136?
-10163
In base 6, what is -34 - 1012420151?
-1012420225
In base 14, what is 3b58 + 5c8b?
9a05
In base 8, what is 75231 - -1232?
76463
In base 5, what is 22 + -133310234121?
-133310234044
In base 4, what is 11122101 - 20301?
11101200
In base 3, what is -112221002012 - -22112020?
-112121112222
In base 16, what is 4 + -2102aa?
-2102a6
In base 10, what is 170 + -4951381?
-4951211
In base 2, what is -110011101001011 + 11111110?
-110011001001101
In base 7, what is 101611 + -132?
101446
In base 8, what is 50 + -327241?
-327171
In base 14, what is -3374b - a3?
-33810
In base 6, what is 303201 - 12025?
251132
In base 10, what is -3 + -67186587?
-67186590
In base 15, what is -21e1 - 178b6?
-19aa7
In base 9, what is 8 + 3568330?
3568338
In base 13, what is 3 - ac7a?
-ac77
In base 10, what is 33586438 + 3?
33586441
In base 6, what is 23254125 - -21?
23254150
In base 3, what is -1 - -1001210112111?
1001210112110
In base 5, what is 141043222 - 23?
141043144
In base 4, what is -10 + 3003200310?
3003200300
In base 15, what is -54a0 + -ccc?
-627c
In base 9, what is -246262060 + -5?
-246262065
In base 2, what is 1 + 10111011111101101111?
10111011111101110000
In base 13, what is 3551 + -69c2?
-3471
In base 6, what is 151 - 1313124144?
-1313123553
In base 7, what is -3234230 + -14?
-3234244
In base 15, what is -4ce0 - 4868?
-9658
In base 3, what is -1110112222101 + -101?
-1110112222202
In base 4, what is -103221200111223 - -1?
-103221200111222
In base 5, what is -21412402 + -202?
-21413104
In base 10, what is 4963468 + 52?
4963520
In base 13, what is 13c4 + -249?
1178
In base 14, what is -3adaa6 - 3a1?
-3b0067
In base 7, what is -266123362 + 5?
-266123354
In base 9, what is -76335237 + 11?
-76335226
In base 6, what is -10 + 1001134342?
1001134332
In base 9, what is -3105084048 + 4?
-3105084044
In base 3, what is -2121211011 - 211221?
-2122200002
In base 14, what is a1b88 + 25?
a1bad
In base 6, what is 100151314211 + 3?
100151314214
In base 6, what is 31322421534 - 4?
31322421530
In base 13, what is -a361ac8 + -2?
-a361aca
In base 16, what is f - -ce200?
ce20f
In base 16, what is -3f9b4860 - 5?
-3f9b4865
In base 3, what is 11 + -121211010120102?
-121211010120021
In base 11, what is -4 - 18015a3?
-18015a7
In base 7, what is 41364 + -132?
41232
In base 15, what is -5 + 4c561?
4c55b
In base 14, what is 37c64a + -3?
37c647
In base 6, what is 5 - 20044023452?
-20044023443
In base 4, what is -12012 - -11330101?
11312023
In base 14, what is -29c - 130b8?
-13376
In base 16, what is -11f3a9ee - 5?
-11f3a9f3
In base 4, what is 2213 - -230201032?
230203311
In base 8, what is -2 - 36420015?
-36420017
In base 3, what is 221010022121 - -11202?
221010111100
In base 11, what is 12 - 620949?
-620937
In base 4, what is -11111003 - 120020?
-11231023
In base 13, what is -52 - -199287?
199235
In base 13, what is 2 - 5c47c55?
-5c47c53
In base 10, what is 221914 + 1079?
222993
In base 8, what is 7662120 - 2?
7662116
In base 14, what is 2 - 43a7846?
-43a7844
In base 3, what is 1211 + -1020122101?
-1020120120
In base 10, what is -962635 + -106?
-962741
In base 12, what is -5 - 1695477?
-1695480
In base 11, what is 10 - 70424?
-70414
In base 11, what is -12 + 1293a5?
129393
In base 6, what is -3 + -12301211214?
-12301211221
In base 9, what is 352 - -86804?
87256
In base 3, what is 11200100012022 - -11?
11200100012110
In base 2, what is 1100 + -1100100110100010110100?
-1100100110100010101000
In base 6, what is 4 + -15005040?
-15005032
In base 14, what is 527 - -42b5?
47dc
In base 6, what is -534115 - -23?
-534052
In base 14, what is d04 + 72a6?
81aa
In base 6, what is -1052 + 351232?
350140
In base 15, what is 5 + 30637e?
306384
In base 16, what is -d5c + b23